{"id":56,"date":"2017-12-12T10:55:12","date_gmt":"2017-12-12T14:55:12","guid":{"rendered":"http:\/\/ayuntamiento.guineo\/transparencia\/?page_id=56"},"modified":"2022-03-05T09:18:16","modified_gmt":"2022-03-05T13:18:16","slug":"derechos-de-los-ciudadanos","status":"publish","type":"page","link":"https:\/\/ayuntamientolasterrenas.gob.do\/transparencia\/derechos-de-los-ciudadanos\/","title":{"rendered":"Derechos de los Ciudadanos"},"content":{"rendered":"<p><strong>DERECHOS Y DEBERES DE LAS Y LOS MUNICIPES<\/strong><\/p>\n<p><strong>\u00a0<\/strong><strong>Articulo 14.- Las y Los Mun\u00edcipes.<\/strong><\/p>\n<p>Las y Los mun\u00edcipes son 10s habitantes que tienen su residencia habitual en el territorio municipal. El conjunto de personas que reside en un municipio constituye la poblaci\u00f3n del mismo.<\/p>\n<p>&nbsp;<\/p>\n<p><strong>Articulo 15.- Derechos y Deberes de Las y Los Mun\u00edcipes:<\/strong><\/p>\n<p>Los derechos y deberes del y de la mun\u00edcipe son:<\/p>\n<ol>\n<li>Elegir y ser elegible de acuerdo a lo dispuesto en la Constituci\u00f3n, la Ley Electoral y esta ley.<\/li>\n<\/ol>\n<ol start=\"2\">\n<li>Hacer uso de los servicios p\u00fablicos municipales en las condiciones establecidas en las ordenanzas y reglamentos municipales.<\/li>\n<\/ol>\n<ol start=\"3\">\n<li>Exigir que las competencias propias, coordinadas y\/o delegadas Sean prestadas con eficiencia, eficacia y transparencia ante el ayuntamiento, las instancias de lo contencioso administrativo, instancias de control interno y externo de la administraci\u00f3n p\u00fablica.<\/li>\n<\/ol>\n<ol start=\"4\">\n<li>Participar en la gesti\u00f3n municipal de acuerdo con lo dispuesto en las leyes y reglamentos.<\/li>\n<\/ol>\n<ol start=\"5\">\n<li>Consultar los archivos y registros de los ayuntamientos, as\u00ed como obtener copias y certificaciones de los documentos de dominio p\u00fablico municipal, conforme lo establecido en la Ley de Libre Acceso a la Informaci\u00f3n P\u00fablica.<\/li>\n<\/ol>\n<ol start=\"6\">\n<li>Desarrollar y formar asociaciones destinadas a la defensa de los intereses colectivos de \u00e1mbito comunitario.<\/li>\n<\/ol>\n<ol start=\"7\">\n<li>Reclamar ante los \u00f3rganos de gobierno municipal contra los actos u omisiones de estos que les perjudiquen individual o colectivamente.<\/li>\n<\/ol>\n<ol start=\"8\">\n<li>Cumplir con las ordenanzas y disposiciones municipales, con sus obligaciones tributarias y denunciar los hechos y actos que lesionen el patrimonio municipal.<\/li>\n<\/ol>\n<ol start=\"9\">\n<li>Todos aquellos otros derechos y deberes previstos en la Constituci\u00f3n y las leyes.<\/li>\n<\/ol>\n<p>&nbsp;<\/p>\n<p><strong>Articulo 16.- Autorizaciones y Licencias Municipales.<\/strong><\/p>\n<p>Las licencias o autorizaciones otorgadas por otros organismos p\u00fablicos no eximen a sus titulares de obtener las correspondientes licencias municipales, respet\u00e1ndose en todo caso lo dispuesto en las leyes sectoriales.<\/p>\n<p><strong>Articulo 17.- Relaci\u00f3n de Residentes.<\/strong><\/p>\n<p>Los ayuntamientos contar\u00e1n con una relaci\u00f3n de residentes y para tales fines podr\u00e1n solicitar a la Junta Central Electoral una relaci\u00f3n de todas las personas que figuran inscritos como electores del municipio para su conocimiento y a los fines que se derivan de las disposiciones de esta ley.<\/p>\n<p>&nbsp;<\/p>\n","protected":false},"excerpt":{"rendered":"DERECHOS Y DEBERES DE LAS Y LOS MUNICIPES \u00a0Articulo 14.- Las y Los Mun\u00edcipes. Las y Los mun\u00edcipes son 10s habitantes que tienen su residencia habitual en el territorio municipal. El conjunto de personas que reside en un municipio constituye la poblaci\u00f3n del mismo. &nbsp; Articulo 15.- Derechos y Deberes de Las y Los Mun\u00edcipes:&#8230;","protected":false},"author":3,"featured_media":0,"parent":0,"menu_order":0,"comment_status":"closed","ping_status":"closed","template":"","meta":[],"acf":[],"_links":{"self":[{"href":"https:\/\/ayuntamientolasterrenas.gob.do\/transparencia\/wp-json\/wp\/v2\/pages\/56"}],"collection":[{"href":"https:\/\/ayuntamientolasterrenas.gob.do\/transparencia\/wp-json\/wp\/v2\/pages"}],"about":[{"href":"https:\/\/ayuntamientolasterrenas.gob.do\/transparencia\/wp-json\/wp\/v2\/types\/page"}],"author":[{"embeddable":true,"href":"https:\/\/ayuntamientolasterrenas.gob.do\/transparencia\/wp-json\/wp\/v2\/users\/3"}],"replies":[{"embeddable":true,"href":"https:\/\/ayuntamientolasterrenas.gob.do\/transparencia\/wp-json\/wp\/v2\/comments?post=56"}],"version-history":[{"count":2,"href":"https:\/\/ayuntamientolasterrenas.gob.do\/transparencia\/wp-json\/wp\/v2\/pages\/56\/revisions"}],"predecessor-version":[{"id":455,"href":"https:\/\/ayuntamientolasterrenas.gob.do\/transparencia\/wp-json\/wp\/v2\/pages\/56\/revisions\/455"}],"wp:attachment":[{"href":"https:\/\/ayuntamientolasterrenas.gob.do\/transparencia\/wp-json\/wp\/v2\/media?parent=56"}],"curies":[{"name":"wp","href":"https:\/\/api.w.org\/{rel}","templated":true}]}}